 by u(-3).
19
Suppose 8*p = -106 + 338. What is the remainder when 115 is divided by p?
28
Suppose 0 = 5*i - 57 + 2. Suppose 2*n + 3 = 13. Calculate the remainder when i is divided by n.
1
Suppose -5*q + 3*x + 2*x + 545 = 0, 0 = -2*x. Calculate the remainder when q is divided by 30.
19
Let v = -48 + 87. Let z = -9 + v. What is the remainder when 88 is divided by z?
28
Suppose 153*k = 156*k - 120. Calculate the remainder when k is divided by 19.
2
Let b be 12/9 - 2/6. What is the remainder when (b/(-5) + -1)/((-6)/140) is divided by 10?
8
Let l(q) = -q**3 + 20*q**2 + 23*q - 22. Calculate the remainder when 135 is divided by l(21).
15
Suppose -4*m = -5*m - 93. Let v = m + 158. Suppose 2*t + 3*t - v = 0. What is the remainder when 38 is divided by t?
12
Suppose -5*z + 47 + 53 = 0. Suppose 15*y - 1102 = -4*y. Calculate the remainder when y is divided by z.
18
Suppose 4*x - 30 = -11*x. Calculate the remainder when 6 is divided by x.
0
Calculate the remainder when 182 is divided by 2 - (-8 + -3) - -2.
2
Suppose -55*i - 32*i + 3828 = 0. Calculate the remainder when 1140 is divided by i.
40
Suppose 5*a = o + 4*o + 175, 4*o - 3*a = -141. Let m = -27 - o. Calculate the remainder when 31 is divided by m.
4
What is the remainder when (-218)/(((-1)/(-2))/((-10)/40)) is divided by 14?
11
Let a(l) = 7*l**2 + 27*l - 16. Calculate the remainder when a(-5) is divided by 3*(0 + 10/3).
4
Let j(k) = k + 7. Let t be j(-7). Suppose -4*p = 2*a - 690, p - 1373 = -t*a - 4*a. What is the remainder when (-12)/(-90) + a/15 is divided by 13?
10
Let d(s) = 4*s - 2. Let y = -1 + 3. Let x be d(y). Calculate the remainder when 9 is divided by (-2 + 1)/(x/(-24)).
1
Calculate the remainder when (120/(-48))/(3/(-198)) is divided by 24.
21
Suppose 4*n - 187 = 3*n + 3*g, -3*n + 557 = -5*g. Calculate the remainder when n is divided by 17.
14
Let a(p) = -p**2 + 22*p - 100. What is the remainder when 695 is divided by a(8)?
11
Let d = -64 + 97. Let s = 13 - 9. Suppose 2*p = s*p - 36. What is the remainder when d is divided by p?
15
Suppose 0 = -5*c - 5*k + 40, 5*k - 7*k + 46 = 5*c. Let s = 10 + -5. Suppose -s*l + 115 + 80 = 0. What is the remainder when l is divided by c?
9
Let w = -17 - -28. Calculate the remainder when 130 is divided by w.
9
Let n(s) = -6*s + 1. Let m(f) = -f**3 + 13*f**2 + 2*f - 28. Let p be m(13). Calculate the remainder when 49 is divided by n(p).
10
Suppose 0 = g + 4*o - 157, 2*g + 761 = 7*g - 4*o. Calculate the remainder when g is divided by 25.
3
Let r = 1076 - 827. What is the remainder when r is divided by 10?
9
Let k = -42 - -45. What is the remainder when 53 is divided by ((-2)/k + 1)*42?
11
Suppose 3*u = -3*g - 0*g + 480, -4*u + 324 = 2*g. Let t = -480 + 533. What is the remainder when g is divided by t?
52
Let a(f) = 3*f**2 + 4*f - 3. Suppose -5*l = -3*q - 25, -5*q - 2*l - 7 = 14. Suppose d + 4*d - 70 = 0. What is the remainder when a(q) is divided by d?
10
Suppose -4672 = -43*r + 11*r. What is the remainder when 148 is divided by r?
2
Let n be 12/(-20) + 926/10. Suppose 4*b = -0*b + n. Calculate the remainder when 112 is divided by b.
20
Suppose -4*b + s + 40 = b, 0 = b - 2*s - 17. Calculate the remainder when 14*b/(147/54) is divided by 19.
17
Let h(l) = 46*l + 434. Calculate the remainder when h(-8) is divided by 15.
6
Suppose 0 = 2919*v - 2924*v + 3430. What is the remainder when v is divided by 23?
19
Let y(a) = 2*a**2 + 3*a - 11. Suppose -3*h + 0*h - 30 = 0. What is the remainder when y(h) is divided by 40?
39
Suppose -103 = -t + 93. Suppose -5*p = -54 - t. Suppose 0 = 254*q - 2592 - 1980. Calculate the remainder when p is divided by q.
14
Suppose 90 = 7*t - 4796. What is the remainder when t is divided by 10?
8
Let s = 368 - 274. What is the remainder when s is divided by (9/(-4))/((-12)/128)?
22
Let m = -1875 - -1973. Let l(s) = -2*s + 4. Calculate the remainder when m is divided by l(-8).
18
Let y be ((-25)/(-4))/5*4. Suppose y*g - 244 = -9. Let t = g - 23. What is the remainder when 93 is divided by t?
21
Let d = 29 + 15. Calculate the remainder when d is divided by 9.
8
Let s = -46 + 36. Let k be (-38)/6 - (-8)/24. What is the remainder when s/(0 - (-4)/k) is divided by 4?
3
Suppose 0 = -0*k - 16*k + 864. Calculate the remainder when k is divided by 42.
12
Suppose 0 = -5*f + 25, -5*t + 2*f + 38 + 447 = 0. Let i = -26 + 60. Calculate the remainder when t is divided by i.
31
Let u(a) = 5*a - 11. Let d be u(-6). Let f = -38 - d. What is the remainder when 13 is divided by f?
1
Suppose 24*k - 15 = 273. Calculate the remainder when 47 is divided by k.
11
Let r(c) = -5*c**3 - 2*c**2 + 2*c + 7. Let q(o) = -18*o**2 + o + 3. Let x be q(2). Let i = x - -97. What is the remainder when r(-3) is divided by i?
28
Let y = 33 - 13. Let k be (y/25)/(2/10). Suppose k*g - 57 = 19. What is the remainder when g is divided by 7?
5
Let k = 257 - -8. Let p = k + -169. Let a = p + -57. Calculate the remainder when a is divided by 10.
9
Let f = -89 + 103. Let o(l) = -8 - 4*l**3 + 2*l**2 + l - l**3 - 3*l**3 + 6. What is the remainder when o(-2) is divided by f?
12
Let i(f) = 40*f + 57. Let u(d) = -20*d - 28. Let x(p) = 2*i(p) + 5*u(p). What is the remainder when x(-6) is divided by 24?
22
Let v(w) = w**3 + w**2 + 2*w + 72. Let c be v(0). Suppose 3*m = c + 30. Calculate the remainder when m is divided by 12.
10
Let i = 562 + -424. What is the remainder when i is divided by 28?
26
Suppose 0 = -h - 4*h + 3*n - 85, h = 4*n - 34. Let p = -2 - h. Let v(l) = 11*l - 8. What is the remainder when p is divided by v(1)?
0
Let x(i) = -4*i + 7. Let b be x(-5). Suppose 9*q = 6*q + b. Suppose -3*p - p + 172 = 4*a, -4*a = -4*p - 180. What is the remainder when a is divided by q?
8
What is the remainder when 64 is divided by ((-2)/8)/(5/150)*-4?
4
Let y(p) = p**2 - 2*p - 15. Let c be y(5). Suppose -13 = -2*h + 4*i + 83, -3*h - 5*i + 122 = c. Calculate the remainder when h is divided by 24.
20
Let l be 2/((-4)/2) - 3. Let n(a) = 6*a**2 - 2*a - 2. Let x be n(l). Suppose 3*m = 3*h - x, 5*h - 3*m - m = 166. What is the remainder when h is divided by 8?
6
Calculate the remainder when 478 is divided by (-2)/(-2)*-1 + 31.
28
Let x(s) = 3*s**3 + 2*s**2 - 4*s + 2. Suppose -74 = -i - y, -27*i + 25*i + 146 = y. Calculate the remainder when i is divided by x(2).
20
Suppose -4*y - 20 = 0, 3*k - 975 = -2*k + 4*y. What is the remainder when k is divided by 36?
11
Let b = 8 + -3. Suppose -10 + 4 = -3*z. Suppose -z*q = 5*q - 133. What is the remainder when q is divided by b?
4
Suppose 0 = 5*a + 2*l - 288, 1 + 147 = 3*a - 5*l. Calculate the remainder when 131 is divided by a.
19
Suppose -a = -6 - 197. Calculate the remainder when a is divided by 68.
67
Let r = -844 - -850. Calculate the remainder when r is divided by (0 + 4)*10/8.
1
Let g(u) = u + 20. Suppose 0*b + b + 5*h = 8, 3*h - 48 = 3*b. Calculate the remainder when 47 is divided by g(b).
7
Suppose -124 = -2*c - 4*z, -5 = -18*z + 13*z. What is the remainder when 295 is divided by c?
55
Let t(f) = -f**2 + 35*f + 3014. Let q = -67 - -100. Calculate the remainder when q is divided by t(-40).
5
Let p(g) = 5*g. Let y(f) = -f + 1. Let l(c) = p(c) + 4*y(c). Suppose 0 = 2*b + 2*b - 16. Calculate the remainder when l(2) is divided by b.
2
Suppose -d = -5*i + 300, -21*d + 20*d = i - 66. What is the remainder when i is divided by 17?
10
Suppose 11 = 5*j - 6*j - 5*b, j - 2*b = 24. What is the remainder when (j/(-4))/((-26)/156) is divided by (-1 - 0)*(0 - 5)?
1
Let y(x) = -6*x**3 - x**2 + x + 1. Let g = -1 + 0. Let s = 41 + -34. What is the remainder when s is divided by y(g)?
2
Let p = -51 + 61. Suppose -p*f = -13*f + 78. What is the remainder when 50 is divided by f?
24
Let o = -672 + 735. What is the remainder when 123 is divided by o?
60
Let i(c) = c**3 + 7*c**2 - 9*c - 7. Let k be i(-8). Let u = 7 - k. Calculate the remainder when u is divided by 4.
2
Suppose -4*f + 5 = -19. Let p = 313 - 296. What is the remainder when p is divided by f?
5
What is the remainder when (-13680)/(-48) + (-1)/(-1) is divided by 9?
7
Let y = 836 - 762. What is the remainder when 366 is divided by y?
70
Suppose -5*t + 12 = -3, -4*s + 156 = -4*t. Suppose -5*r = -2*v - 41, 4*r + 4*v - s = v. What is the remainder when r is divided by ((-2)/1)/(4/(-6))?
0
Let t be (6 - 7)/((-